d(p) = -p**3 + 9*p**2 - 11*p + 20. Determine d(s).
-4
Let z = -1141 - -1132. Let o(g) = -11*g - 93. Determine o(z).
6
Let n(y) be the third derivative of 2*y**4/3 - 10*y**3/3 + 16*y**2 + 16*y. Calculate n(3).
28
Let z be (192/120)/(3/((-30)/(-4))). Suppose 2*u - 3*k + 10 = 3, 5 = -z*u - 3*k. Let a(v) = 4*v**3 + 3*v**2. Calculate a(u).
-20
Let q(w) = w - 12. Let c(p) = p. Let h(i) = 2*i - 7. Let g(s) = 5*c(s) - h(s). Let o be g(-3). Let u be o/12 - (1 - 6)/30. Calculate q(u).
-12
Let n = 13 + -10. Suppose -5*r = -10*r + 10. Let u(s) = 0*s + 3*s - s - 2 + n*s**r. Determine u(-2).
6
Let r = -237 - -247. Let k be 16/r*(-20)/8 - 4. Let t(d) = d**2 + 7*d + 1. Determine t(k).
9
Let b(r) = -r**2 + r - 1. Let x(z) = z**2 + 6*z + 7. Let m(k) = -k. Let j(a) = -6*m(a) - x(a). Let w(l) = 2*b(l) - j(l). What is w(5)?
-10
Let h(l) = l**2 - 29746057 - 3*l + 29746055 + 8*l**2. Calculate h(-1).
10
Let t(o) = -o**3 + 6*o**2 + 8*o - 2. Suppose 0 = 38*q - 34*q + 356. Let l = q - -96. What is t(l)?
5
Let p(d) = -4*d**2 - 32*d - 15. Let v(l) = -4*l**3 - 614*l**2 - 307*l - 161. Let g be v(-153). What is p(g)?
-15
Let c(k) = -k**3 - 3 - 3*k - 4*k**2 + 9*k**2 + 1. Let j(h) = -8*h - 5. Suppose -2*t - 5 = -i, -7 = i + 4*t + 6. Let b be j(i). Calculate c(b).
7
Let f be (-1)/(-6) + (-136)/(-48). Let s be -3 + (-7 - (-39)/f). Let o(j) = 2*j - 2. Give o(s).
4
Let h(u) = -u - 13. Let j(t) = -t**3 + 7*t**2 + 2*t - 2. Let z(v) = -v**3 + 6*v**2. Let x(d) = -2*j(d) + 3*z(d). Let o be x(4). Calculate h(o).
-1
Let w(s) = -s**2 + 9*s - 6. Let c be w(8). Let f(u) = -5*u - 1 - 2*u**2 + 2*u + 3 + 3*u**c. Let q = -163 - -165. Determine f(q).
0
Let g(l) = 0*l + 741*l**3 + l + 1 + 7*l + 14*l**2 - 740*l**3 - 21*l**2. Determine g(5).
-9
Let d be (-22)/(-308) + (-407)/14 - (-12 + 5). Let w(x) = -x**3 - 22*x**2 - 2*x + 47. Calculate w(d).
91
Let a(h) be the second derivative of h**4/24 - h**3/6 + 25*h**2/2 + 11*h. Let b(m) be the first derivative of a(m). Suppose -15 = g - 4*g. Calculate b(g).
4
Let b(j) = -j. Suppose 3*n = 2 + 1. Let w be (-13 + 12)*(-6 - (n - 3)). Suppose -8*c + w*c - 12 = 0. Give b(c).
3
Let d = 361 + -67. Let q be (9 + d/(-30))/(4/(-10)). Let h(s) = 2*s**3 - 3*s**2 + 4*s - 2. Determine h(q).
10
Let w(b) = 2*b + 18367 - 18341 - 3*b. Give w(7).
19
Suppose -w = -4*q + 8*q - 19, 5*w + 15 = 2*q. Suppose -n + q*i = -3*n + 865, 0 = -5*n - i + 2128. Let o(s) = -n - 5*s + 427 + 2*s + s**2 - s. Calculate o(3).
-1
Let f = 76 - 43. Let t(p) = -36 + 70 + p - f. Determine t(3).
4
Let p(q) = -378*q + 8820. Let z(x) = -7*x + 163. Let m(k) = 3*p(k) - 161*z(k). Calculate m(31).
0
Let c be (135/40)/(-9) + (-1)/((-32)/748). Let i(y) be the third derivative of -1/15*y**5 - 5/24*y**4 + 1/120*y**6 + 0*y**3 + 0*y + 0 + c*y**2. What is i(5)?
0
Let o(s) = -661*s - 1. Let i(v) = -6608*v - 12. Let u(x) = -i(x) + 10*o(x). Let j = -2 + -7. Calculate u(j).
20
Let t(l) = -49*l**2 + 2*l + 5. Let r(h) = -48*h**2 + 7*h - 4. Let d(i) = -r(i) + t(i). Let x(n) = -n**2 + 2*n - 3. Let w be x(3). Calculate d(w).
3
Suppose 1632 = -y + 13*y. Let k = -143 + y. Let m(q) = -2*q + 2. Let h(n) = 5*n - 4. Let w(z) = -3*h(z) - 7*m(z). What is w(k)?
5
Let u = -110 - -78. Let s be 1*u/24*(0 - 3). Let k(d) = -d**3 + 4*d**2 - 6. Determine k(s).
-6
Let b(n) = 1690*n - 3336. Let l be b(2). Let m(u) = 3*u - 135. Calculate m(l).
-3
Let u(w) be the third derivative of -w**6/120 + w**5/12 - w**4/6 - 5*w**3/6 + 2*w**2. Suppose 157 = 52*q - 51. Give u(q).
-5
Let n(s) be the first derivative of s**3/3 + 9*s**2/2 - 3*s - 2. Suppose 79*a + 740 = 5*a. Give n(a).
7
Let t(p) = 97*p + 0 + 56*p - 108*p - 3*p**2 + 78 + 6*p**2. Give t(-13).
0
Let k(u) be the first derivative of -u**4/4 - 23*u**3/3 - 15*u**2 - 168*u + 2566. What is k(-22)?
8
Let w be (-64)/16 + (2 - 0). Let g(s) = 4*s**2 + s - 2. Give g(w).
12
Let h(l) be the second derivative of -17*l**5/4 - l**4/12 + l**3/3 - l**2/2 - 4320*l. Calculate h(1).
-85
Let n(k) = -3*k**2 + 8*k + 12. Let u(p) = -6*p**2 + 17*p + 27. Let c(m) = -5*n(m) + 2*u(m). Give c(5).
39
Let g(f) = 8*f - 36. Let o be g(7). Suppose 5 = d + z, 2*d - 4*z - o = -8*z. Suppose d = -2*c - 11 + 1. Let p(t) = -t**3 - 5*t**2 - 3*t - 5. Calculate p(c).
10
Suppose 67*k + 23*k = 1376 - 206. Let p(d) = d**2 - 16*d + 21. Calculate p(k).
-18
Let u(k) = 6*k**2 - 93*k + 2. Let j(a) = 14*a**2 - 202*a + 3. Let w(i) = 6*j(i) - 13*u(i). Give w(4).
76
Let c(p) = -97*p**3 + 108*p**2 - 112*p**2 + 44*p**3 + p + 50*p**3 + 4. Calculate c(2).
-34
Let s(j) = 52*j**2 + 48*j - 26. Let d(c) = -19*c**2 - 17*c + 9. Let f(z) = -11*d(z) - 4*s(z). Give f(5).
5
Let l = 283 - 195. Let q = l + -86. Let b(a) = 4*a - 2*a + q*a. Give b(5).
20
Let g(v) = v - 1. Let d(i) = 2*i**2 - 3*i - 1. Let s(b) = d(b) + 2*g(b). Let a(q) = 2*q**2 - q - 3. Let x(p) = 2*a(p) - 3*s(p). Determine x(-3).
-18
Let h(t) be the second derivative of -t**3/3 - 7*t**2 - 2*t. Let y = 1518 - 1530. Give h(y).
10
Let y be 6 + 4 - (1 + 1). Let g be ((-2)/8)/((-6)/(-4464)*-6). Let q(p) = g*p + 17*p - 49*p. Calculate q(y).
-8
Let z(v) be the third derivative of -v**4/24 + 11*v**3/6 - 1689*v**2. Determine z(-3).
14
Let k(r) = 7*r - 1. Let c be (-2)/2 + 4 - -4. Suppose 3*b = 5*f - f - 8, 0 = 4*b. Suppose 0 = f*a + g + 1, -3*g = -5*a + a - c. What is k(a)?
-8
Let d(v) = v**3 - v**2 - v - 1. Let t(m) = 27*m - 401. Let w(g) = -36*g + 400. Let p(q) = 7*t(q) + 6*w(q). Let k be p(-15). Give d(k).
-11
Let p(t) be the first derivative of -t**4/4 - 14*t**3/3 - t**2/2 + 3*t + 9488. Give p(-14).
17
Let g(l) = 5 + 126*l**2 - 378*l**2 - 7*l + 132*l**2 + 122*l**2. Suppose 4*u = -2 + 18. Determine g(u).
9
Suppose 2*q + 8 = 2*r, 0*r - 3*q = 3*r. Suppose r*n - 18 = -5*t, -n - 4*n - 9 = -t. Let f(k) be the first derivative of -11*k**2/2 - k + 6. Determine f(n).
10
Let i = 112 + -24. Let u be (-1*1)/((-8)/i). Let t(h) = 8*h**2 - 18*h - 12. Let x(m) = 3*m**2 - 6*m - 4. Let b(q) = u*x(q) - 4*t(q). Calculate b(-7).
11
Let k(r) = -4*r**2 - 8*r - 2. Let x be k(-2). Let i(w) = -253 - 256 + 3*w + 15*w + 509. Calculate i(x).
-36
Let s(z) be the first derivative of z**3/3 - 8*z**2 + 7*z - 1871. Give s(16).
7
Let b(x) = -x**3 + x**2 + x - 20. Suppose -h + o = -o + 10, -4*o + 20 = 4*h. What is b(h)?
-20
Let j(p) = p**3 + 5*p**2 - 7*p - 6. Let t = 408 + -404. Suppose 0 = -53*f + 54*f + t. What is j(f)?
38
Let p(f) = -f**3 + 15*f**2 - 5*f + 83. Let j be p(15). Let v(u) = -u**2 - 2. Give v(j).
-66
Let g(b) = -b**3 + 5*b**2 + 6*b + 5. Let q = 210 - 208. Let w be 1/q*(-3 - -15). Calculate g(w).
5
Let u(c) = -c**2 - 39*c + 1. Let r(m) = -24*m**2 - 118*m + 1. Let i(g) = -r(g) + 3*u(g). What is i(-2)?
84
Suppose 13*w - 42*w = -87. Let x(n) = -n**3 + 8*n**2 - n + 4. Let b(t) = -2*t**3 + 15*t**2 - 3*t + 9. Let q(l) = w*b(l) - 5*x(l). Calculate q(4).
7
Let j(w) be the second derivative of 3*w**3/2 + 45*w**2 + 4*w - 769. Calculate j(-10).
0
Let h = 38 - 24. Suppose h = -0*a + 2*a. Let x(z) = 4*z - 13 - 28 - 5*z + 2*z + 38. Give x(a).
4
Let d = 123 + -104. Suppose 96 = d*u - 75. Let y(j) = j**3 - 8*j**2 - 7*j - 8. Give y(u).
10
Let a(n) be the third derivative of -n**4/4 + 13*n**3/6 + 27*n**2 + 21*n. What is a(1)?
7
Let w = 958 + -956. Let x(v) be the third derivative of v**5/30 - v**4/12 - 22*v**2. Give x(w).
4
Let u(t) be the first derivative of -2*t**3/3 + 29*t**2/2 - 61*t - 1933. What is u(12)?
-1
Let f(j) = -17 + 269 + 292 - 23*j - 33*j + 122. What is f(12)?
-6
Let y(j) be the second derivative of j**6/720 + j**5/24 - 31*j**4/12 - 8*j - 4. Let k(o) be the third derivative of y(o). What is k(-10)?
-5
Let b(v) = -v**3 + 7*v**2 - v + 5. Suppose -2*m + m = -u + 43, 4*u = 4. Suppose -2*p - 10 = 0, -p = -0*y + 2*y - 93. Let j = m + y. Give b(j).
-2
Let y(f) = 6*f**3 - 7*f**2 + 14*f + 7. Let j = 85 - 90. Let u(p) = -p**3 + p**2 - 2*p - 1. Let m(c) = j*y(c) - 35*u(c). Calculate m(-1).
-5
Let p(z) be the second derivative of -z**3/6 + 7*z**2 - 48118*z. Suppose -2 = 3*m + 2*m + o, -2*o = 4. Calculate p(m).
14
Let s(w) = -w**2 - 5*w. Suppose -6*q - 4 = -8*q. Let h(k) = k**3 + 4*k - q*k**3 + 117*k**2 - 5 - 114*k**2 + 0*k. Let g be h(4). Determine s(g).
0
Suppose -8*p - 31 = 1. Let c(w) = -11*w - 36. Let g be c(p). Let a(y) = -y**2 - 7 - 6*y + 4 + 2*y**2 - 8. What is a(g)?
5
Let v = -6741 - -6742. Let y(x) = 9*x**3 + 7*x - 6. What is y(